-a + 113. Let f = 43 + -43. Suppose 2*x - 101 - a = f. What are the prime factors of x?
2, 5, 11
Let r be 4 + -1*-14*12. Suppose p - 89 = -4*z, -2*p = -5*z + 10*z - r. List the prime factors of p.
3
Suppose 6*h - 39 + 15 = 0. Suppose q = -h, -5*q - 1200 = -3*z + 4409. Suppose 32*m - z = 23*m. List the prime factors of m.
3, 23
Let w = 15614 + -8666. Suppose -2*h = 16*h - w. What are the prime factors of h?
2, 193
Let z(h) = -7*h + 18. Let k be (5/((-75)/18))/(6/15). Let q be z(k). Let o = 82 + q. List the prime factors of o.
11
Let d = 88 - -3. Suppose 3*q = -4*m - 0*m + d, -2*m + 47 = q. Suppose -5*n = -m, -3*r - n + 69 = 2*n. What are the prime factors of r?
2, 3
Let u be 5/20*-7*-4. Suppose 3*i = 5*o + 367, u = 4*o - 9. What are the prime factors of i?
3, 43
Let m = 72 + -96. What are the prime factors of (-11898)/m - (-2 + (-22)/(-8))?
3, 5, 11
Let z = -225 - -417. Let g = 218 + z. What are the prime factors of g?
2, 5, 41
Let g = 13496 - 6848. What are the prime factors of g?
2, 3, 277
Let v be ((-10)/(-45))/((-5)/(-90)). Suppose -3*d + 972 = -4*r, -14 + 1329 = v*d + r. What are the prime factors of d?
2, 41
Let n = 218 + -328. Let w = 229 + n. What are the prime factors of w?
7, 17
Suppose -1812 = -2*b - 4*w + 2736, -4*b - 3*w = -9096. Let f = -1338 + b. List the prime factors of f.
2, 3, 13
List the prime factors of (0 + -1)/(-2) + (-4577568)/(-192) + -7.
3, 5, 7, 227
Suppose -708 = u + 3*u. Let l = u + 316. Let x = l - 63. What are the prime factors of x?
2, 19
Suppose 0 = 4*x + 5*b - 18, -5*b + 4 = -3*x - 0. Let g(n) = -n + 4. Let h be g(-8). Suppose 0*r + 90 = 2*j - x*r, 0 = 3*r + h. What are the prime factors of j?
41
What are the prime factors of 30/7*(-13796958)/(-1602)?
2, 5, 3691
Let z(w) = -2147*w - 101. List the prime factors of z(-2).
7, 599
Suppose 4*u + 4*n - 3316 = 2504, -5828 = -4*u - 2*n. List the prime factors of u.
1459
Let s be 0*(-1)/(-2 + 4). Suppose -40*h + 38*h + 1530 = s. List the prime factors of h.
3, 5, 17
Let o(d) = 60*d**2 - 26*d + 147. What are the prime factors of o(-15)?
3, 4679
Let n(o) = o**2 - 5*o - 6. Let i be n(5). Let j be 45/i*(-4)/6. Suppose 0 = -p - m + 106, 0*m - m - 506 = -j*p. List the prime factors of p.
2, 3, 17
Let k(y) = -35*y + 64. Let r be k(10). Let q = -202 - r. What are the prime factors of q?
2, 3, 7
Suppose -4 = -j - 1. Suppose -8*s + 5 = -j. What are the prime factors of (s - -37)/(6/12)?
2, 19
Let p(y) = -y**3 - 67*y**2 - 15*y - 106. What are the prime factors of p(-68)?
2, 3, 13, 71
Let y = -89 - -88. Let x(c) be the first derivative of -117*c**2/2 + 2*c - 1. What are the prime factors of x(y)?
7, 17
What are the prime factors of 117/507*-13 - (1 + -14130)?
2, 7, 1009
Let t(b) = b**2 - 6*b - 46. Let r be t(11). Suppose -h = r - 6. What are the prime factors of (-167)/((2 + 1)/h)?
167
Suppose -11*c - 132 = -8*c. Let s = c - -38. Let z(d) = d**3 + 9*d**2 + 2*d - 12. What are the prime factors of z(s)?
2, 3, 7
Let o = -60608 - -101973. What are the prime factors of o?
5, 8273
Suppose 2*b - 526 = -2*h, 4*h + 243 = 5*h - 3*b. Let f = 9 + h. List the prime factors of f.
3, 89
Let m be ((-3)/(-2))/((-9)/(-774)). Let p = m - 239. What are the prime factors of (-2)/(-5) - 8426/p?
7, 11
Suppose -151*t - 217875 = -480018 - 294443. List the prime factors of t.
2, 19, 97
List the prime factors of ((-448)/(-80) - 6) + (-9884)/(-10).
2, 13, 19
Let x(m) = m**3 - 17*m**2 - 15*m - 35. Let z be x(17). Let s = z - -488. List the prime factors of s.
2, 3, 11
Let i(z) = z**2 + 2*z + 8. Let k be i(-15). Let g = 58 - k. Let t = g - -228. List the prime factors of t.
83
Let i(q) = 1009*q - 653. What are the prime factors of i(37)?
2, 5, 7, 131
Let g = 757 - 247. Let n be 2/(-2) + 9 + g. Suppose 4*h + 18 = n. What are the prime factors of h?
5
Let h(c) = -2*c - 1. Let r(t) = -24*t - 4. Let f(q) = 20*h(q) - 2*r(q). List the prime factors of f(10).
2, 17
Let c(m) = -m - 3. Let y(h) = -2*h - 10. Suppose -g = -19 + 11. Let z(a) = g*c(a) - 3*y(a). What are the prime factors of z(2)?
2
Suppose 6*d - 35958 = d + f, 7200 = d - 3*f. What are the prime factors of d?
3, 17, 47
Let g = -15803 - -24627. What are the prime factors of g?
2, 1103
Suppose 7*n + 189 = -14*n. List the prime factors of (4 - (-3 + n))*(-49)/(-4).
2, 7
Suppose -162*a - 213 = -165*a. Let v be a + 16/12*(-6)/(-4). List the prime factors of v - (-3 + -3 + 2) - 3.
2, 37
Suppose -2*f = -16*v + 19*v + 759, 4*v + 1012 = f. Let q = 585 - v. List the prime factors of q.
2, 419
Let u = -15 + 15. Suppose u*x + 2*g + 19 = x, 5*g - 11 = -4*x. Let h(k) = -2*k**2 + 23*k - 11. List the prime factors of h(x).
2, 17
Suppose 5*a - 3406 - 1694 = 4*z, -6*a + 6119 = -5*z. What are the prime factors of a?
2
Let i(a) = 3*a**3 + 10*a**2 + a - 6. Let f be i(-9). What are the prime factors of (-12)/(-20) - f/5?
3, 31
Let l = 4607 + 8364. List the prime factors of l.
7, 17, 109
Let h(m) = 9*m + 4 - 15 - 2. List the prime factors of h(8).
59
Suppose 0 = 3*w, -2*u + 1805 = -5*w - 373. Suppose u = 20*h - 13631. List the prime factors of h.
2, 23
Let r(p) = -3054*p + 2114. What are the prime factors of r(-7)?
2, 7, 839
Suppose 0 = -61*a + 99*a - 303582. List the prime factors of a.
3, 2663
Let i = -285 + 309. Suppose 255 = v + i. What are the prime factors of v?
3, 7, 11
Let d = -728 - -1023. Let w = d + 26. What are the prime factors of w?
3, 107
What are the prime factors of 32*6/(7/(-18795)*-12)?
2, 3, 5, 179
List the prime factors of 11487 + -8 + 9 + 18.
2, 11, 523
Suppose 0 = 3*w - 0. Suppose 0*p - 10 = 2*p, -z - 3*p - 15 = w. List the prime factors of 1 - (-163 - z) - -1.
3, 5, 11
Let r = -26410 + 52795. List the prime factors of r.
3, 5, 1759
Suppose -1608548 = -100*c - 678119 + 1576071. What are the prime factors of c?
3, 5, 557
Suppose -14*r + 11*r + 30 = 0. Let c be 1*2*(r - 12). What are the prime factors of 39/(-52) + (-315)/c?
2, 3, 13
Let j = 1382 - 226. List the prime factors of j.
2, 17
Let k be (-1)/((85/(-45) - -2)/(-1)). List the prime factors of 3*73 + (k - 6) + -6.
2, 3
Suppose 73*p - 5 = 72*p. Suppose -p*h - 53 = -93. Suppose 526 = 10*d - h*d. List the prime factors of d.
263
Suppose 0 = 15*w + 38511 + 2199. Let c = w + 3809. What are the prime factors of c?
3, 5, 73
Let l(t) = 229*t + 58. Let w be l(3). Let f = 1369 - w. What are the prime factors of f?
2, 3, 13
Let b be (1 + -3)/2 - 15/3. Let l be -2*1 + (-4 - b)*1. Suppose l = -t + 2*f - 5, -5*f + 1 = -t - 4*f. What are the prime factors of t?
3
Let l(b) = b**3 + 5*b**2 - b - 5. Let t be l(-5). What are the prime factors of 98 + (-4 - 0) + t/(-21)?
2, 47
Let o = -24 - -30. Let i = o + -2. List the prime factors of ((-3)/i - -2)*40.
2, 5
Suppose 4*u - 51 + 7 = -3*k, 0 = -4*u + 8. Let i(g) = 2*g**2 - 13*g - 39. List the prime factors of i(k).
3, 31
Let y be ((-48)/(-9))/4*-6. Let k be ((-2)/y - 1)*120/30. Let g(p) = p**2 - 3*p - 8. List the prime factors of g(k).
2, 5
What are the prime factors of 8087/(-2)*(-7 + (-35)/(-7))?
8087
Let d = -118 + 121. What are the prime factors of 41*(-2 + 6 + -3) - d?
2, 19
Let f be (-43)/(-3*(-3)/(-9)). Let d = 156 - f. Suppose 5*k = d + 27. List the prime factors of k.
2, 7
Suppose 5 = -9*w + 41. Let h(r) = r**2 - 4*r + 7. Let j be h(w). List the prime factors of (-54)/(-3)*8 - (j - 11).
2, 37
Let b = -7283 + 16075. List the prime factors of b.
2, 7, 157
Suppose 3*u - 50 = 4*u. Let h be (-1518)/5 + (-30)/u. Let i = 432 + h. What are the prime factors of i?
3, 43
Suppose 0 = -46*h + 942198 - 183888. List the prime factors of h.
3, 5, 7, 157
Suppose 14*j - 59 = -2*u + 9*j, -4*u = 2*j - 126. What are the prime factors of u?
2
Let d(u) = 2*u**3 - 12*u**2 + 256*u - 64. List the prime factors of d(18).
2, 5, 7, 11
Suppose -801 - 765 = -3*y. Suppose 18*u = 3006 - y. List the prime factors of u.
2, 3, 23
Suppose -3 = -3*v, 4*j - 117056 - 5221 = 3*v. What are the prime factors of j?
2, 3, 5, 1019
Let j(a) = 2*a**2 + 85*a + 165. Let z be j(-2). Let d be 3*1/((-3)/(-8)). Suppose -z*m + d*m - 660 = 0. List the prime factors of m.
2, 3, 11
Suppose 1582200 + 108435 = 130*c + 75*c. What are the prime factors of c?
3, 2749
Let h(g) = 73*g**2 - 3*g + 1. Let p be h(2). Let i = p + 106. Let l = i + -274. What are the prime factors of l?
7, 17
Let g(m) be the second derivative of 1